{"id":73,"date":"2024-04-23T21:37:56","date_gmt":"2024-04-23T21:37:56","guid":{"rendered":"https:\/\/cts-beauty.de\/?page_id=73"},"modified":"2024-08-23T08:10:45","modified_gmt":"2024-08-23T08:10:45","slug":"fusspflege","status":"publish","type":"page","link":"https:\/\/cts-beauty-fachfusspflege.de\/index.php\/fusspflege\/","title":{"rendered":"Fu\u00dfpflege"},"content":{"rendered":"\n<h5 class=\"wp-block-heading\">Fachfu\u00dfpflege und Fu\u00dfzonenmassage<\/h5>\n\n\n\n<div class=\"wp-block-columns is-layout-flex wp-container-core-columns-is-layout-9d6595d7 wp-block-columns-is-layout-flex\">\n<div class=\"wp-block-column is-layout-flow wp-block-column-is-layout-flow\">\n<figure class=\"wp-block-image size-large\"><img loading=\"lazy\" decoding=\"async\" width=\"596\" height=\"424\" src=\"https:\/\/cts-beauty.de\/wp-content\/uploads\/2024\/07\/cache_2466531201.jpg\" alt=\"\" class=\"wp-image-169\" srcset=\"https:\/\/cts-beauty-fachfusspflege.de\/wp-content\/uploads\/2024\/07\/cache_2466531201.jpg 596w, https:\/\/cts-beauty-fachfusspflege.de\/wp-content\/uploads\/2024\/07\/cache_2466531201-300x213.jpg 300w, https:\/\/cts-beauty-fachfusspflege.de\/wp-content\/uploads\/2024\/07\/cache_2466531201-84x60.jpg 84w\" sizes=\"auto, (max-width: 596px) 100vw, 596px\" \/><\/figure>\n\n\n\n<blockquote class=\"wp-block-quote is-layout-flow wp-block-quote-is-layout-flow\">\n<p>Ihre F\u00fc\u00dfe haben unsere Pflege verdient!<\/p>\n<\/blockquote>\n<\/div>\n\n\n\n<div class=\"wp-block-column is-vertically-aligned-top is-layout-flow wp-block-column-is-layout-flow\">\n<p>Wir helfen Ihnen, Ihre F\u00fc\u00dfe gesund und gepflegt zu halten und dadurch Ihr Wohlbefinden zu steigern. Wir nehmen uns sehr viel Zeit f\u00fcr die Bed\u00fcrfnisse Ihrer F\u00fc\u00dfe.<br><br>Selbstverst\u00e4ndlich sind wir neben der Basispflege auch f\u00fcr die Problemzonen Ihrer F\u00fc\u00dfe da.<br>In unserer Fachfu\u00dfpflege werden die Problemzonen Ihrer F\u00fc\u00dfe professionell, das hei\u00dft schonend und schmerzfrei behandelt.<br><br>Erleben Sie das gute Gef\u00fchl mit gepflegten F\u00fc\u00dfen durch\u2019s Leben zu gehen.<br><br>F\u00fcr noch mehr Wohlbefinden verw\u00f6hnen wir Sie mit einer entspannenden und zugleich aktivierenden Fu\u00dfzonenmassage.<br><br>Negativer Stress wird so abgebaut und Ihre Abwehrkr\u00e4fte werden gest\u00e4rkt, sogar die Anregung Ihrer inneren Organe ist m\u00f6glich.<br>Sie werden begeistert sein!<\/p>\n<\/div>\n<\/div>\n\n\n\n<p><\/p>\n","protected":false},"excerpt":{"rendered":"<p>Fachfu\u00dfpflege und Fu\u00dfzonenmassage Ihre F\u00fc\u00dfe haben unsere Pflege verdient! Wir helfen Ihnen, Ihre F\u00fc\u00dfe gesund und gepflegt zu halten und dadurch Ihr Wohlbefinden zu steigern. Wir nehmen uns sehr viel &hellip; <\/p>\n","protected":false},"author":1,"featured_media":125,"parent":0,"menu_order":0,"comment_status":"closed","ping_status":"closed","template":"","meta":{"footnotes":""},"class_list":["post-73","page","type-page","status-publish","has-post-thumbnail","hentry","latest_post"],"yoast_head":"<!-- This site is optimized with the Yoast SEO plugin v24.1 - https:\/\/yoast.com\/wordpress\/plugins\/seo\/ -->\n<title>Fu\u00dfpflege - CTS Beauty-Ecke und Fachfu\u00dfpflege<\/title>\n<meta name=\"description\" content=\"Fachfu\u00dfpflege und Fu\u00dfzonenmassage in der Beauty-Ecke und Fachfu\u00dfpflege verhilft Ihnen, ihre F\u00fc\u00dfe gesund und gepflegt zu halten.\" \/>\n<meta name=\"robots\" content=\"index, follow, max-snippet:-1, max-image-preview:large, max-video-preview:-1\" \/>\n<link rel=\"canonical\" href=\"https:\/\/cts-beauty-fachfusspflege.de\/index.php\/fusspflege\/\" \/>\n<meta property=\"og:locale\" content=\"de_DE\" \/>\n<meta property=\"og:type\" content=\"article\" \/>\n<meta property=\"og:title\" content=\"Fu\u00dfpflege - CTS Beauty-Ecke und Fachfu\u00dfpflege\" \/>\n<meta property=\"og:description\" content=\"Fachfu\u00dfpflege und Fu\u00dfzonenmassage in der Beauty-Ecke und Fachfu\u00dfpflege verhilft Ihnen, ihre F\u00fc\u00dfe gesund und gepflegt zu halten.\" \/>\n<meta property=\"og:url\" content=\"https:\/\/cts-beauty-fachfusspflege.de\/index.php\/fusspflege\/\" \/>\n<meta property=\"og:site_name\" content=\"CTS Beauty-Ecke und Fachfu\u00dfpflege\" \/>\n<meta property=\"article:modified_time\" content=\"2024-08-23T08:10:45+00:00\" \/>\n<meta property=\"og:image\" content=\"https:\/\/cts-beauty-fachfusspflege.de\/wp-content\/uploads\/2024\/05\/vfp.jpg\" \/>\n\t<meta property=\"og:image:width\" content=\"500\" \/>\n\t<meta property=\"og:image:height\" content=\"500\" \/>\n\t<meta property=\"og:image:type\" content=\"image\/jpeg\" \/>\n<meta name=\"twitter:card\" content=\"summary_large_image\" \/>\n<meta name=\"twitter:label1\" content=\"Gesch\u00e4tzte Lesezeit\" \/>\n\t<meta name=\"twitter:data1\" content=\"1\u00a0Minute\" \/>\n<script type=\"application\/ld+json\" class=\"yoast-schema-graph\">{\"@context\":\"https:\/\/schema.org\",\"@graph\":[{\"@type\":\"WebPage\",\"@id\":\"https:\/\/cts-beauty-fachfusspflege.de\/index.php\/fusspflege\/\",\"url\":\"https:\/\/cts-beauty-fachfusspflege.de\/index.php\/fusspflege\/\",\"name\":\"Fu\u00dfpflege - CTS Beauty-Ecke und Fachfu\u00dfpflege\",\"isPartOf\":{\"@id\":\"https:\/\/cts-beauty-fachfusspflege.de\/#website\"},\"primaryImageOfPage\":{\"@id\":\"https:\/\/cts-beauty-fachfusspflege.de\/index.php\/fusspflege\/#primaryimage\"},\"image\":{\"@id\":\"https:\/\/cts-beauty-fachfusspflege.de\/index.php\/fusspflege\/#primaryimage\"},\"thumbnailUrl\":\"https:\/\/cts-beauty-fachfusspflege.de\/wp-content\/uploads\/2024\/05\/vfp.jpg\",\"datePublished\":\"2024-04-23T21:37:56+00:00\",\"dateModified\":\"2024-08-23T08:10:45+00:00\",\"description\":\"Fachfu\u00dfpflege und Fu\u00dfzonenmassage in der Beauty-Ecke und Fachfu\u00dfpflege verhilft Ihnen, ihre F\u00fc\u00dfe gesund und gepflegt zu halten.\",\"breadcrumb\":{\"@id\":\"https:\/\/cts-beauty-fachfusspflege.de\/index.php\/fusspflege\/#breadcrumb\"},\"inLanguage\":\"de\",\"potentialAction\":[{\"@type\":\"ReadAction\",\"target\":[\"https:\/\/cts-beauty-fachfusspflege.de\/index.php\/fusspflege\/\"]}]},{\"@type\":\"ImageObject\",\"inLanguage\":\"de\",\"@id\":\"https:\/\/cts-beauty-fachfusspflege.de\/index.php\/fusspflege\/#primaryimage\",\"url\":\"https:\/\/cts-beauty-fachfusspflege.de\/wp-content\/uploads\/2024\/05\/vfp.jpg\",\"contentUrl\":\"https:\/\/cts-beauty-fachfusspflege.de\/wp-content\/uploads\/2024\/05\/vfp.jpg\",\"width\":500,\"height\":500},{\"@type\":\"BreadcrumbList\",\"@id\":\"https:\/\/cts-beauty-fachfusspflege.de\/index.php\/fusspflege\/#breadcrumb\",\"itemListElement\":[{\"@type\":\"ListItem\",\"position\":1,\"name\":\"Startseite\",\"item\":\"https:\/\/cts-beauty-fachfusspflege.de\/\"},{\"@type\":\"ListItem\",\"position\":2,\"name\":\"Fu\u00dfpflege\"}]},{\"@type\":\"WebSite\",\"@id\":\"https:\/\/cts-beauty-fachfusspflege.de\/#website\",\"url\":\"https:\/\/cts-beauty-fachfusspflege.de\/\",\"name\":\"Beauty-Ecke und Fachfu\u00dfpflege\",\"description\":\"CTS Beauty-Ecke und Fachfu\u00dfpflege\",\"publisher\":{\"@id\":\"https:\/\/cts-beauty-fachfusspflege.de\/#organization\"},\"potentialAction\":[{\"@type\":\"SearchAction\",\"target\":{\"@type\":\"EntryPoint\",\"urlTemplate\":\"https:\/\/cts-beauty-fachfusspflege.de\/?s={search_term_string}\"},\"query-input\":{\"@type\":\"PropertyValueSpecification\",\"valueRequired\":true,\"valueName\":\"search_term_string\"}}],\"inLanguage\":\"de\"},{\"@type\":\"Organization\",\"@id\":\"https:\/\/cts-beauty-fachfusspflege.de\/#organization\",\"name\":\"Beauty-Ecke und Fachfu\u00dfpflege\",\"url\":\"https:\/\/cts-beauty-fachfusspflege.de\/\",\"logo\":{\"@type\":\"ImageObject\",\"inLanguage\":\"de\",\"@id\":\"https:\/\/cts-beauty-fachfusspflege.de\/#\/schema\/logo\/image\/\",\"url\":\"https:\/\/cts-beauty-fachfusspflege.de\/wp-content\/uploads\/2024\/05\/cts-2.png\",\"contentUrl\":\"https:\/\/cts-beauty-fachfusspflege.de\/wp-content\/uploads\/2024\/05\/cts-2.png\",\"width\":500,\"height\":250,\"caption\":\"Beauty-Ecke und Fachfu\u00dfpflege\"},\"image\":{\"@id\":\"https:\/\/cts-beauty-fachfusspflege.de\/#\/schema\/logo\/image\/\"}}]}<\/script>\n<!-- \/ Yoast SEO plugin. -->","yoast_head_json":{"title":"Fu\u00dfpflege - CTS Beauty-Ecke und Fachfu\u00dfpflege","description":"Fachfu\u00dfpflege und Fu\u00dfzonenmassage in der Beauty-Ecke und Fachfu\u00dfpflege verhilft Ihnen, ihre F\u00fc\u00dfe gesund und gepflegt zu halten.","robots":{"index":"index","follow":"follow","max-snippet":"max-snippet:-1","max-image-preview":"max-image-preview:large","max-video-preview":"max-video-preview:-1"},"canonical":"https:\/\/cts-beauty-fachfusspflege.de\/index.php\/fusspflege\/","og_locale":"de_DE","og_type":"article","og_title":"Fu\u00dfpflege - CTS Beauty-Ecke und Fachfu\u00dfpflege","og_description":"Fachfu\u00dfpflege und Fu\u00dfzonenmassage in der Beauty-Ecke und Fachfu\u00dfpflege verhilft Ihnen, ihre F\u00fc\u00dfe gesund und gepflegt zu halten.","og_url":"https:\/\/cts-beauty-fachfusspflege.de\/index.php\/fusspflege\/","og_site_name":"CTS Beauty-Ecke und Fachfu\u00dfpflege","article_modified_time":"2024-08-23T08:10:45+00:00","og_image":[{"width":500,"height":500,"url":"https:\/\/cts-beauty-fachfusspflege.de\/wp-content\/uploads\/2024\/05\/vfp.jpg","type":"image\/jpeg"}],"twitter_card":"summary_large_image","twitter_misc":{"Gesch\u00e4tzte Lesezeit":"1\u00a0Minute"},"schema":{"@context":"https:\/\/schema.org","@graph":[{"@type":"WebPage","@id":"https:\/\/cts-beauty-fachfusspflege.de\/index.php\/fusspflege\/","url":"https:\/\/cts-beauty-fachfusspflege.de\/index.php\/fusspflege\/","name":"Fu\u00dfpflege - CTS Beauty-Ecke und Fachfu\u00dfpflege","isPartOf":{"@id":"https:\/\/cts-beauty-fachfusspflege.de\/#website"},"primaryImageOfPage":{"@id":"https:\/\/cts-beauty-fachfusspflege.de\/index.php\/fusspflege\/#primaryimage"},"image":{"@id":"https:\/\/cts-beauty-fachfusspflege.de\/index.php\/fusspflege\/#primaryimage"},"thumbnailUrl":"https:\/\/cts-beauty-fachfusspflege.de\/wp-content\/uploads\/2024\/05\/vfp.jpg","datePublished":"2024-04-23T21:37:56+00:00","dateModified":"2024-08-23T08:10:45+00:00","description":"Fachfu\u00dfpflege und Fu\u00dfzonenmassage in der Beauty-Ecke und Fachfu\u00dfpflege verhilft Ihnen, ihre F\u00fc\u00dfe gesund und gepflegt zu halten.","breadcrumb":{"@id":"https:\/\/cts-beauty-fachfusspflege.de\/index.php\/fusspflege\/#breadcrumb"},"inLanguage":"de","potentialAction":[{"@type":"ReadAction","target":["https:\/\/cts-beauty-fachfusspflege.de\/index.php\/fusspflege\/"]}]},{"@type":"ImageObject","inLanguage":"de","@id":"https:\/\/cts-beauty-fachfusspflege.de\/index.php\/fusspflege\/#primaryimage","url":"https:\/\/cts-beauty-fachfusspflege.de\/wp-content\/uploads\/2024\/05\/vfp.jpg","contentUrl":"https:\/\/cts-beauty-fachfusspflege.de\/wp-content\/uploads\/2024\/05\/vfp.jpg","width":500,"height":500},{"@type":"BreadcrumbList","@id":"https:\/\/cts-beauty-fachfusspflege.de\/index.php\/fusspflege\/#breadcrumb","itemListElement":[{"@type":"ListItem","position":1,"name":"Startseite","item":"https:\/\/cts-beauty-fachfusspflege.de\/"},{"@type":"ListItem","position":2,"name":"Fu\u00dfpflege"}]},{"@type":"WebSite","@id":"https:\/\/cts-beauty-fachfusspflege.de\/#website","url":"https:\/\/cts-beauty-fachfusspflege.de\/","name":"Beauty-Ecke und Fachfu\u00dfpflege","description":"CTS Beauty-Ecke und Fachfu\u00dfpflege","publisher":{"@id":"https:\/\/cts-beauty-fachfusspflege.de\/#organization"},"potentialAction":[{"@type":"SearchAction","target":{"@type":"EntryPoint","urlTemplate":"https:\/\/cts-beauty-fachfusspflege.de\/?s={search_term_string}"},"query-input":{"@type":"PropertyValueSpecification","valueRequired":true,"valueName":"search_term_string"}}],"inLanguage":"de"},{"@type":"Organization","@id":"https:\/\/cts-beauty-fachfusspflege.de\/#organization","name":"Beauty-Ecke und Fachfu\u00dfpflege","url":"https:\/\/cts-beauty-fachfusspflege.de\/","logo":{"@type":"ImageObject","inLanguage":"de","@id":"https:\/\/cts-beauty-fachfusspflege.de\/#\/schema\/logo\/image\/","url":"https:\/\/cts-beauty-fachfusspflege.de\/wp-content\/uploads\/2024\/05\/cts-2.png","contentUrl":"https:\/\/cts-beauty-fachfusspflege.de\/wp-content\/uploads\/2024\/05\/cts-2.png","width":500,"height":250,"caption":"Beauty-Ecke und Fachfu\u00dfpflege"},"image":{"@id":"https:\/\/cts-beauty-fachfusspflege.de\/#\/schema\/logo\/image\/"}}]}},"jetpack_sharing_enabled":true,"_links":{"self":[{"href":"https:\/\/cts-beauty-fachfusspflege.de\/index.php\/wp-json\/wp\/v2\/pages\/73","targetHints":{"allow":["GET"]}}],"collection":[{"href":"https:\/\/cts-beauty-fachfusspflege.de\/index.php\/wp-json\/wp\/v2\/pages"}],"about":[{"href":"https:\/\/cts-beauty-fachfusspflege.de\/index.php\/wp-json\/wp\/v2\/types\/page"}],"author":[{"embeddable":true,"href":"https:\/\/cts-beauty-fachfusspflege.de\/index.php\/wp-json\/wp\/v2\/users\/1"}],"replies":[{"embeddable":true,"href":"https:\/\/cts-beauty-fachfusspflege.de\/index.php\/wp-json\/wp\/v2\/comments?post=73"}],"version-history":[{"count":8,"href":"https:\/\/cts-beauty-fachfusspflege.de\/index.php\/wp-json\/wp\/v2\/pages\/73\/revisions"}],"predecessor-version":[{"id":245,"href":"https:\/\/cts-beauty-fachfusspflege.de\/index.php\/wp-json\/wp\/v2\/pages\/73\/revisions\/245"}],"wp:featuredmedia":[{"embeddable":true,"href":"https:\/\/cts-beauty-fachfusspflege.de\/index.php\/wp-json\/wp\/v2\/media\/125"}],"wp:attachment":[{"href":"https:\/\/cts-beauty-fachfusspflege.de\/index.php\/wp-json\/wp\/v2\/media?parent=73"}],"curies":[{"name":"wp","href":"https:\/\/api.w.org\/{rel}","templated":true}]}}